y(u) = -u**2 - 9*u + 11. Let b be y(-10). Suppose o - a = b, 2*o + 4*a - a = 27. What is the units digit of o?
6
Let g = 32 + -8. Suppose -20*d + 28 = -g*d. Let o = d + 14. What is the units digit of o?
7
Let z(l) = -141*l - 8. Suppose 3*f + 2*f + 5*k - 15 = 0, 5*f - 2*k = -13. What is the tens digit of z(f)?
3
What is the units digit of ((-4698)/10)/(16*(-42)/64960)?
4
Let v(h) = 412*h - 3. Let b be v(1). Suppose 4*o + 108 = -k - b, -5*k = -3*o - 405. Let s = o + 196. What is the units digit of s?
6
Suppose 9*r = 10575 + 18711. What is the thousands digit of r?
3
Let q = 24759 - 12826. What is the thousands digit of q?
1
Suppose -3*v + 2*v + 880 = 4*f, -2*f + 2680 = 3*v. Suppose 3*l + 4*c = -l + v, -6 = -2*c. What is the units digit of l?
1
Let q(n) = 4471*n - 1972. What is the hundreds digit of q(3)?
4
Let t(l) = -16*l - 124. Let p(q) = -8*q - 63. Let o(f) = -5*p(f) + 2*t(f). What is the units digit of o(-6)?
9
Let h be -5*((-10)/(-25) + -1). Suppose 4*f - 4*a = 1292, f + a + h*a - 338 = 0. What is the hundreds digit of f?
3
Let s(w) = 24*w - 1302. What is the hundreds digit of s(71)?
4
Let f be (-21616)/(-21) + (-4)/3. Let t = f + -492. What is the hundreds digit of t?
5
Let a = 128 + -173. What is the units digit of 750/a*372/(-8)?
5
Suppose 0 = -18*h + 13*h + 925. Let o = -170 - -40. Let s = h + o. What is the units digit of s?
5
Let y(w) be the third derivative of -w**6/120 + 7*w**5/12 - w**4/6 + 2*w**3 - 35*w**2 + 2. What is the units digit of y(6)?
2
Suppose 0 = y + 4 + 1, 3*d - 81 = 3*y. Let g = d - 22. Suppose g = 13*i - 16*i + 93. What is the units digit of i?
1
What is the tens digit of (-1045954)/(-104) - (-3 - 27/(-12))?
5
Let o(g) = -g**3 - 6*g**2 - 8. Let j be o(-6). What is the units digit of 9705/20 + 2/j?
5
Suppose 10 = 4*r - 5*l, r - 5*r + 2*l + 4 = 0. Suppose r = -3*d + 2085 + 2478. What is the thousands digit of d?
1
Let l = 504 + -20. Suppose f + 3*f - l = 0. Suppose -6*s - 31 = -f. What is the tens digit of s?
1
Let j be -635 - (-7)/(28/(-24)). Let o = 100 - j. What is the tens digit of o?
4
Let z(f) = -f**3 - 14*f**2 - 6*f + 33. Let n be z(-10). Let j = 25 - n. Suppose -3*q = b - j, -3*q - 5*b + 87 + 265 = 0. What is the units digit of q?
9
Suppose k - 2*h = -573, -4*h - 182 = 2*k + 924. Let o = k - -285. Let j = -185 - o. What is the tens digit of j?
9
Let d = -3821 - -5363. What is the thousands digit of d?
1
Let k = -458 + 1119. Let j = 1620 - k. What is the hundreds digit of j?
9
Suppose -42*q + 3866572 = 781420. What is the ten thousands digit of q?
7
Let j = 7985 + -5460. What is the thousands digit of j?
2
Let r be 8 + -11 - (-1 + -1). Let k be 5/((-20)/(-188)) + r/1. Let m = -17 + k. What is the units digit of m?
9
Let a be (2*-3)/(5 - 1812/364). Let j = 576 + a. What is the hundreds digit of j?
3
Let l(b) be the third derivative of -11*b**5/60 + 7*b**4/12 + 5*b**3/3 - 14*b**2. Let g be l(6). Let x = g + 532. What is the hundreds digit of x?
2
Suppose -5*f + 26 + 0 = -4*y, 2*y + 5*f = 2. Let i(k) = 5*k**2 + k - 11. Let s be i(y). Suppose 2*q - s = -h, -29 - 33 = -h - q. What is the units digit of h?
9
Let w(o) = 34*o + 162. Let m be w(-6). What is the tens digit of (0 + -2 - -6)/((-3)/m)?
5
Suppose -4*w + w = 0. Suppose 25*x = 23*x + 4. Suppose 4*t - x*t - 144 = w. What is the tens digit of t?
7
Let h = -8169 - -29328. What is the hundreds digit of h?
1
Suppose k + 5*h - 310 = 4*h, 3*h = 3. Suppose -13*n + 4*g + 764 = -9*n, -2*n - 5*g + 410 = 0. Suppose 0 = 3*x - n - k. What is the units digit of x?
8
Suppose -242320 + 60186 = -38*x. What is the thousands digit of x?
4
Suppose 6*h - 126 = 7*h. Let w = 181 + h. Suppose -4*d + 3*d + w = 0. What is the units digit of d?
5
Suppose 3*m - 32 = 2*b, -6*m + m + 52 = -4*b. Suppose -m*a = -4*a. Suppose -393 = -5*l - 4*x, a*l - 5*l - 5*x + 395 = 0. What is the units digit of l?
7
Suppose -3*g = -5*c - 29, 9*c - 7*c = -2*g - 18. What is the tens digit of (-5 - c)/((-1)/(-239))?
7
Let g(y) = -43*y**3 + 4*y**2 + 76*y + 13. What is the units digit of g(-7)?
6
Suppose 26*o + 24*o - 71*o + 3402 = 0. What is the units digit of o?
2
Suppose 7651 + 5003 - 4096 = 11*l. What is the hundreds digit of l?
7
Let x = 9064 + -516. What is the units digit of x?
8
Suppose 5*w - 5 + 0 = 5*j, 0 = 3*j + 3*w - 21. Suppose -4 = -5*r - x, j*x - 1 = -4*r - 0*x. What is the units digit of 9*((-40)/(-6) + r/3)?
3
Let q(k) = 2*k**3 - 179*k**2 - 102*k - 681. What is the hundreds digit of q(91)?
8
Let v be 9/((-540)/488) - (-2)/15. Let j be v/3 - 3/((-54)/12). What is the tens digit of (-1 - 264/(-6)) + (-1 - j)?
4
Let d = -6129 + 11483. What is the thousands digit of d?
5
Suppose 2*y - 2*w = -194, -2*y = -3*y + 4*w - 94. Let p = -5 - y. What is the tens digit of p?
9
Suppose -78*g + 135856 - 1842 = 3130. What is the hundreds digit of g?
6
Let c be 2/4 + 9/6. Suppose -c*s - 2*o + 45 = o, -3*s + 3*o + 60 = 0. What is the tens digit of (-5)/35 - (-822)/s?
3
Suppose 28*z - 8049 = 15387. Suppose -3*k + w + 2485 = -0*k, k + 4*w = z. What is the hundreds digit of k?
8
Let g = -1477 + 851. Let h = -619 - g. What is the units digit of h?
7
What is the ten thousands digit of 1*((-9)/(-9) + 22228)?
2
Let k = -849 - 37. Let n = k - -2066. What is the tens digit of n?
8
Let z(u) be the third derivative of u**5/20 + 7*u**4/8 - 15*u**3/2 + 2*u**2 + 2. What is the hundreds digit of z(12)?
6
Let f = 540 - 275. Suppose -6*g = m - 5*g - 64, 4*m - f = -g. Suppose 0 = v - 2, x - v = -2*x + m. What is the tens digit of x?
2
Suppose -7*i - 50 = 76. Let d(y) = y**2 + 18*y + 4. Let t be d(i). Suppose u - 5*u - 381 = -3*j, 12 = -t*u. What is the hundreds digit of j?
1
Suppose 94*a + 2056 = 5910. Let p be -2 + 133 - 1*-1. Let r = p - a. What is the units digit of r?
1
What is the hundreds digit of 430816*(-16)/(-224) + 64/(-14) + 4?
7
Suppose 2*t + 488 = 7*r - 3*r, 2*r = 4*t + 952. Let i = 663 + t. What is the units digit of i?
7
Suppose -4*u + 48799 = -p, -2*u + 24395 = 15*p - 20*p. What is the units digit of u?
0
Let h be 1/9 - 220/(-45). What is the tens digit of ((-54)/(-18))/((45/186)/h)?
6
Let i be ((-2)/5)/(36/480)*-3. What is the hundreds digit of i/12*(-6069)/(-28)?
2
Let k = 32321 - 23081. What is the tens digit of k/10 + 3 + -6?
2
Let d = 21 + -11. What is the units digit of 1/(4922/(-32162) + d/65)?
7
Suppose a - 2*u = 3196, 143*a - 140*a = -3*u + 9588. What is the thousands digit of a?
3
Suppose -5*r + 661 = -3*p - 2471, -5*r + 3136 = -4*p. What is the tens digit of r?
2
Suppose 0 = -2*u - q + 8, 44 = -0*u + 4*u - 5*q. Let k(x) = 7*x**2 + 6. Let o be k(u). What is the tens digit of (-3)/(-6)*(2 + o)?
3
Let u(w) be the third derivative of -305*w**4/24 + w**3/3 - 5*w**2 - 1. What is the hundreds digit of u(-2)?
6
Let k(z) = -2*z**2 - 254*z + 158. What is the units digit of k(-68)?
2
Suppose 3*n - 19548 = -161*f + 156*f, -2*f - 6516 = -n. What is the units digit of n?
6
Let p(x) = -4*x**3 - 14*x**2 + 66*x - 15. What is the units digit of p(-9)?
3
Suppose 0 = -x + 3*d + 39, 3*d + 105 = 3*x - 2*d. Suppose 4*a = -5*p - 17 - 13, 0 = 4*p + 2*a + x. What is the tens digit of (6/p)/(9/(-765))?
5
Let d be (-47)/(-7) + (60/14 - 4). Let q(b) = 3*b - 2. Let r be q(1). What is the units digit of (d - 10) + (r - -60)?
8
Suppose 625158 = 98*s - 1830036. What is the hundreds digit of s?
0
Suppose 0 = 3*k + 2*s - 32, 0 = 3*k + 3*s - 7 - 20. Suppose -19*d + k*d = -20. Suppose 4*i + 366 = t + 4*t, -d*t + 4*i = -292. What is the units digit of t?
4
Let c = 4826 + -950. What is the units digit of c?
6
Let i(j) = -j**3 + 44*j**2 - 28*j - 181. What is the hundreds digit of i(35)?
8
Let t(b) = 1615*b - 1. Let f be t(5). Suppose -f = -21*y - 2677. What is the units digit of y?
7
Suppose 2*y + 36 = 2*u - 4, 0 = -3*u + 4*y + 61. Let j = 377 + u. What is the hundreds digit of j?
3
Let q = -1 - 293. What is the tens digit of (-95)/(-1)*q/(-105)?
6
Let b = -9693 - -22885. What is the hundreds digit of b?
1
Let g = -3 - -5. Let t be g/(0 + 10/15). Suppose t*l + 0*l = 249. What is the tens digit of l?
8
Let w(l) be the third derivative of 0*l + 40*l**2 + 17/30*l**5 - 7/6*l**3 + 0 + 1/24*l**4. What is the units digit of w(2)?
1
Let u(d) = 376*d**3 - 18*d**2 + 53*d - 49. What is the ten thousands digit of u(5)?
4
Let w = -868 + 1388. Suppose -o 